rs of n(-18)?
2, 3, 7, 239
Let x be (((-152)/3)/8)/(3/(-198)). Suppose -373 = -5*p - z, -x = -5*p - 5*z - 53. What are the prime factors of p?
3, 5
Let s(l) = 13*l**3 + 8*l**2 + 5*l + 19. What are the prime factors of s(9)?
23, 443
Suppose 34 = -3*j + 2*j. Let r = j - -26. What are the prime factors of ((-4)/r)/(1/190)?
5, 19
Let c(p) = p**3 - p**2. Let s(f) = 39*f**3 - f**2 + 5*f - 6. Let k(m) = -4*c(m) + s(m). What are the prime factors of k(2)?
2, 37
Let f be 3/3*(1956 - 0)/2. Suppose 0 = 45*a - 42*a - f. List the prime factors of a.
2, 163
Let t = -700 + 718. Suppose 0 = -4*b - 2*w + 378 + 108, -w = -1. Let a = b - t. List the prime factors of a.
103
Suppose -7*r = -5*r - 20. Suppose -2*y - 1560 = -r*y. What are the prime factors of y?
3, 5, 13
Let j = 1073 + 157. List the prime factors of j.
2, 3, 5, 41
Let h(c) = c**3 - 20*c**2 + 20*c + 15. Let r be h(19). Suppose -25 = 29*u - r*u. List the prime factors of 4 - (12 - u) - 182/(-2).
2, 11
Suppose -o - 1582*m + 1577*m + 18037 = 0, -2*o + 36119 = -5*m. What are the prime factors of o?
2, 4513
What are the prime factors of -135*(6/(-2) - 1048/24)?
2, 3, 5, 7
What are the prime factors of (-827*67/3)/(26 + 3081/(-117))?
67, 827
Suppose 0 = 727*f - 735*f + 280. Suppose -f*y = -37*y + 2692. List the prime factors of y.
2, 673
List the prime factors of (4 - -8289) + (30 - 30).
8293
Let g(u) = u**2 - 2*u + 4. Let p be g(0). Suppose 2*a = 4*k - 6, -k + 2*a - p = 2. Suppose k*n - 234 = 254. List the prime factors of n.
2, 61
Let i(h) = -h**3 + 24*h**2 - 4*h - 21. Let o be i(26). Let b = -990 - o. What are the prime factors of b?
487
Let j(a) be the first derivative of -7*a**2 - 5*a + 1. Let m be 36/(-378) + (10528/(-147))/4. List the prime factors of j(m).
13, 19
Let g be 4/(-18) - 76/(-18). Let n(i) = 0*i**2 + 3*i**2 - i - 3*i**2 + 3*i**2 + 16. What are the prime factors of n(g)?
2, 3, 5
Let r be 1/((-56)/12 + 5). Suppose -5*k = 2*n - 891, 2*k - 442 = -n + r*k. List the prime factors of n.
443
Suppose 3*o = 18 - 3. Let v be (17 + (o - 2))*(-10)/(-25). Suppose -416 = 4*f - v*f. What are the prime factors of f?
2, 13
Suppose 23*k + 6*k = 12*k + 341462. List the prime factors of k.
2, 11, 83
Let y(k) = 13*k**3. Let x be y(-2). Suppose 4*r - 752 = 8*r. Let m = x - r. List the prime factors of m.
2, 3, 7
Let x = -2665 - -4307. Suppose 8458 = 8*u + x. What are the prime factors of u?
2, 3, 71
Let y = -30631 + 38795. What are the prime factors of y?
2, 13, 157
Let j = -116 - -521. Suppose 340*m - j = 339*m. List the prime factors of m.
3, 5
Suppose -96 = -5*w + h + 3*h, -w - 2*h = -8. Suppose 4 = -50*m + 49*m. List the prime factors of w/m + 76 + 2.
2, 37
Suppose -4*j + 112 = 3*s, 0 = 3*j - s - 68 - 29. Suppose 0 = 4*n - 20, 3*n + j = 2*k - 220. What are the prime factors of k?
7, 19
Let i = 141 - 364. Let j = 328 + i. What are the prime factors of j?
3, 5, 7
Suppose -11*v + 75871 = 4*w, 11024 = -2*w - v + 48955. What are the prime factors of w?
5, 3793
Suppose -922037 = -972*n + 935*n + 192329. List the prime factors of n.
2, 11, 37
Let q = 19 - 14. Suppose 163 = -0*s + 3*s - r, 232 = 4*s - q*r. List the prime factors of s.
53
Suppose f = -4*m + 417, -m - 2*f - 24 + 130 = 0. Let o = m + -95. Let g(y) = 2*y**2 - 10*y + 16. What are the prime factors of g(o)?
2, 11
Let x = 12 - 12. Suppose x = 33*r - 34*r + 11. Suppose -r*l + 960 = -3*l. What are the prime factors of l?
2, 3, 5
Let t(y) = 83*y - 82. List the prime factors of t(19).
5, 13, 23
Let r = 1756 - 1379. List the prime factors of r.
13, 29
Suppose 78*h + 8*h = 4055846. What are the prime factors of h?
47161
Let a(c) = -9*c**3 - 9*c**2 + 4*c - 10. Let d be (-1 - (-9 - -2)) + -10. List the prime factors of a(d).
2, 7, 29
Let p = 46 + -384. Let o = 920 + p. What are the prime factors of o?
2, 3, 97
Let m be (6 + 10 + -1)*-13. Let w = -126 - m. What are the prime factors of w?
3, 23
Suppose 28*u - 685653 = -4*u + 13*u. List the prime factors of u.
3, 23, 523
Suppose 0*q + 4 = -2*q, q - 3 = -w. Suppose -5*x + w*d - 13 = -53, 5*x - 3*d = 30. Suppose 6*a = r + 4*a - 10, x*a - 40 = -4*r. What are the prime factors of r?
2, 5
Suppose 0 = -28*b + 8*b + 115360. Suppose -46*t - b = -53*t. List the prime factors of t.
2, 103
Suppose -2*c + 13 = -4*x + 39, -18 = -3*x + 2*c. Suppose 0 = -9*z - x*z + 1479. List the prime factors of z.
3, 29
Suppose 5*h = -3*a + 23, 5 = -7*a + 8*a - h. List the prime factors of a + 0 + 4 + 110.
2, 3, 5
Suppose 3*d = 2*d + 1, 2*d - 694 = -4*r. Let v = r + 363. What are the prime factors of v?
2, 67
Suppose 1 = -0*k - k. Suppose 0 = 20*v - 543 + 443. List the prime factors of -1*(k - 109)/v.
2, 11
Let z(u) = 15*u + 8. Let q(h) = 45*h + 24. Suppose -18*l = -22*l + 8. Let k(p) = l*q(p) - 7*z(p). List the prime factors of k(-12).
2, 43
Let q = -24653 - -39258. List the prime factors of q.
5, 23, 127
Let t(p) = 18*p**3 + 2*p**2 - p + 3. Let m be t(3). Suppose -m = 7*a - 16*a. List the prime factors of a/(-42)*(-1 + -65).
2, 11
Suppose 0 = -0*j - 2*j + 5*x - 7, j - 13 = -3*x. Let f = 21 + j. Suppose 0 = -l + f + 2. What are the prime factors of l?
3
Let w be (352/24)/(1/24). Let l = w - -513. List the prime factors of l.
5, 173
Let x(v) be the second derivative of 1/2*v**2 + 4*v + 0 - 92/3*v**3. What are the prime factors of x(-1)?
5, 37
Let x(k) = -k**2 - k - 20. Let t be -2 + -1 + 42/3. Let u be x(t). Let f = -56 - u. What are the prime factors of f?
2, 3
Let s = -577 - -1089. Suppose -v = -s + 79. What are the prime factors of v?
433
Let s = -1608 + 4815. What are the prime factors of s?
3, 1069
Let f = -29242 + 62700. List the prime factors of f.
2, 16729
Let j be 6/4*(10/(-6) + -3). What are the prime factors of (-32)/8*-182 - j?
3, 5, 7
Let j be (-2)/1*2*(-37737)/28. List the prime factors of (j/6)/((-9)/(-6)).
599
Suppose -4*r + 8 = -3*s - 9, 0 = 2*s - 2. Suppose 4*n + 667 = v, -5*n - 201 = r*v - 3511. What are the prime factors of v?
3, 13, 17
Let n = 338 - 336. Let v(m) = 3*m**3 - 4*m**2 - 4*m + 5. What are the prime factors of v(n)?
5
What are the prime factors of 13/(-104)*12 - (-2 - 254847/6)?
5, 1699
Suppose 16*b = 3*l + 14*b - 47075, 2*l + 5*b = 31415. What are the prime factors of l?
5, 43, 73
Let t(m) = -m**3 + m**2 - 17. Let q be t(-9). Suppose 0 = -q*i + 794*i - 52. List the prime factors of i.
2, 13
What are the prime factors of ((-25243 - -8)/7 - 2)*(-69)/3?
23, 3607
Suppose -j = -0*j + x - 269, 0 = 4*j - 3*x - 1090. Let c(f) = -2 + 4*f + j*f**2 - 181*f**2 - f. List the prime factors of c(1).
7, 13
Let h(v) = 6*v + 77. Let t be h(-13). What are the prime factors of 2520/4 + (2 - t)?
3, 211
Let i(q) = 14*q - 1. Let b be i(-1). Let x(s) = 5*s**2 + 30*s + 33. What are the prime factors of x(b)?
2, 3, 59
Let n = 3070 + 25909. List the prime factors of n.
28979
Let q = 8 - 42. Let l be (2 + q/2)*8/(-6). Let w = l + 15. List the prime factors of w.
5, 7
Suppose 0 = -13*a - 0. Let g(x) = x**3 + x**2 + 3*x + 16. Let i be g(a). Suppose -i*j = -10*j - 1446. List the prime factors of j.
241
Let v(j) = j**2 - 5*j - 3. Let q be v(6). Suppose 0 = q*b - 3 - 3. What are the prime factors of (-3708)/(-30) + b + (-4)/(-10)?
2, 3, 7
Let d(t) = -t**2 - 5*t. Let w(b) = 4*b + 10. Let i be w(-4). Let l be d(i). List the prime factors of l*(0 + 13/(-2)).
3, 13
Let g = 16 - -131. Suppose -4*r + g + 53 = 0. What are the prime factors of r?
2, 5
Let z(f) = 6*f - 66. Let v be z(-39). Let q = v + 903. List the prime factors of q.
3, 67
Let m(a) = 11*a**2 + 43*a + 397. What are the prime factors of m(-14)?
1951
Suppose 202*a - 189*a - 144638 = 0. What are the prime factors of a?
2, 5563
Let z(o) = 68*o**3 - 7*o**2 - 16*o + 132. List the prime factors of z(5).
8377
Let z(c) = -3*c + 5 + 1 + c**2 - 2. Let j be z(2). Let g = j + 77. List the prime factors of g.
79
Suppose 5*w = -4*y + 10, w - 3 = 2*y - 1. Let b be (-1097 + 3)*(1 - w). Suppose -4*u + b = -3*t, 215 = u - 5*t - 67. List the prime factors of u.
2, 17
Suppose 14*d = -5*k + 10*d + 49135, 0 = 2*k + d - 19657. What are the prime factors of k?
3, 29, 113
Let q(z) = z**2 - 14. Let h be q(-4). Suppose h*b - 4 = -4. Suppose 5*f + 45 - 175 = b. List the prime factors of f.
2, 13
Let f(d) = -129*d**3 + 2*d**2 + 174*d + 848. List the prime factors of f(-5).
29, 557
Suppose -179 + 155 = -q. Let